{"id":378613,"date":"2026-04-11T22:45:06","date_gmt":"2026-04-12T01:45:06","guid":{"rendered":"https:\/\/ninja.encktemp.com.br\/speedbrindes\/product\/mochila-nylon-25l\/"},"modified":"2026-04-12T01:16:49","modified_gmt":"2026-04-12T04:16:49","slug":"mochila-nylon-25l","status":"publish","type":"product","link":"https:\/\/ninja.encktemp.com.br\/speedbrindes\/product\/mochila-nylon-25l\/","title":{"rendered":"MOCHILA NYLON 25L"},"content":{"rendered":"","protected":false},"excerpt":{"rendered":"<p>Mochila confeccionada em nylon imperme\u00e1vel com capacidade m\u00e1xima de 25L. Possui compartimento principal com divis\u00f3ria para notebooks de at\u00e9 15,6 polegadas. Conta com dois compartimentos externos em tamanhos diferentes, al\u00e9m de dois bolsos laterais em malha com el\u00e1stico e engate para malas. Disp\u00f5e tamb\u00e9m de al\u00e7a superior de m\u00e3o e duas al\u00e7as para as costas com revestimento em tecido acolchoado. Acompanha plaquinha met\u00e1lica personaliz\u00e1vel.<\/p>\n<p><strong>Altura:<\/strong> 43.5 cm<br \/>\n<strong>Largura:<\/strong> 30 cm<br \/>\n<strong>Comprimento:<\/strong> 14 cm<br \/>\n<strong>Peso aproximado (g):<\/strong> 538<\/p>\n","protected":false},"featured_media":0,"comment_status":"open","ping_status":"closed","template":"","meta":[],"product_brand":[2878],"product_cat":[2713,2897],"product_tag":[],"class_list":{"0":"post-378613","1":"product","2":"type-product","3":"status-publish","5":"product_brand-xbz","6":"product_cat-2713","7":"product_cat-mochilas-e-bolsas","9":"first","10":"instock","11":"shipping-taxable","12":"purchasable","13":"product-type-simple"},"_links":{"self":[{"href":"https:\/\/ninja.encktemp.com.br\/speedbrindes\/wp-json\/wp\/v2\/product\/378613","targetHints":{"allow":["GET"]}}],"collection":[{"href":"https:\/\/ninja.encktemp.com.br\/speedbrindes\/wp-json\/wp\/v2\/product"}],"about":[{"href":"https:\/\/ninja.encktemp.com.br\/speedbrindes\/wp-json\/wp\/v2\/types\/product"}],"replies":[{"embeddable":true,"href":"https:\/\/ninja.encktemp.com.br\/speedbrindes\/wp-json\/wp\/v2\/comments?post=378613"}],"wp:attachment":[{"href":"https:\/\/ninja.encktemp.com.br\/speedbrindes\/wp-json\/wp\/v2\/media?parent=378613"}],"wp:term":[{"taxonomy":"product_brand","embeddable":true,"href":"https:\/\/ninja.encktemp.com.br\/speedbrindes\/wp-json\/wp\/v2\/product_brand?post=378613"},{"taxonomy":"product_cat","embeddable":true,"href":"https:\/\/ninja.encktemp.com.br\/speedbrindes\/wp-json\/wp\/v2\/product_cat?post=378613"},{"taxonomy":"product_tag","embeddable":true,"href":"https:\/\/ninja.encktemp.com.br\/speedbrindes\/wp-json\/wp\/v2\/product_tag?post=378613"}],"curies":[{"name":"wp","href":"https:\/\/api.w.org\/{rel}","templated":true}]}}