{"id":378500,"date":"2026-04-11T22:44:40","date_gmt":"2026-04-12T01:44:40","guid":{"rendered":"https:\/\/ninja.encktemp.com.br\/speedbrindes\/product\/caderneta-couro-sintetico-2\/"},"modified":"2026-04-15T02:41:33","modified_gmt":"2026-04-15T05:41:33","slug":"caderneta-couro-sintetico-2","status":"publish","type":"product","link":"https:\/\/ninja.encktemp.com.br\/speedbrindes\/product\/caderneta-couro-sintetico-2\/","title":{"rendered":"CADERNETA COURO SINTETICO"},"content":{"rendered":"","protected":false},"excerpt":{"rendered":"<p>Caderneta com capa em couro sint\u00e9tico, fecho magn\u00e9tico, al\u00e9m de marca-p\u00e1ginas em fita de cetim. Possui aproximadamente 96 folhas marfim com pauta. Acompanha plaquinha fixa em metal.<\/p>\n<p><strong>Altura:<\/strong> 21 cm<br \/>\n<strong>Largura:<\/strong> 15.5 cm<br \/>\n<strong>Peso aproximado (g):<\/strong> 321<\/p>\n","protected":false},"featured_media":0,"comment_status":"open","ping_status":"closed","template":"","meta":[],"product_brand":[2878],"product_cat":[2713,2902],"product_tag":[],"class_list":{"0":"post-378500","1":"product","2":"type-product","3":"status-publish","5":"product_brand-xbz","6":"product_cat-2713","7":"product_cat-escritorio-e-papelaria","9":"first","10":"instock","11":"shipping-taxable","12":"purchasable","13":"product-type-variable"},"_links":{"self":[{"href":"https:\/\/ninja.encktemp.com.br\/speedbrindes\/wp-json\/wp\/v2\/product\/378500","targetHints":{"allow":["GET"]}}],"collection":[{"href":"https:\/\/ninja.encktemp.com.br\/speedbrindes\/wp-json\/wp\/v2\/product"}],"about":[{"href":"https:\/\/ninja.encktemp.com.br\/speedbrindes\/wp-json\/wp\/v2\/types\/product"}],"replies":[{"embeddable":true,"href":"https:\/\/ninja.encktemp.com.br\/speedbrindes\/wp-json\/wp\/v2\/comments?post=378500"}],"wp:attachment":[{"href":"https:\/\/ninja.encktemp.com.br\/speedbrindes\/wp-json\/wp\/v2\/media?parent=378500"}],"wp:term":[{"taxonomy":"product_brand","embeddable":true,"href":"https:\/\/ninja.encktemp.com.br\/speedbrindes\/wp-json\/wp\/v2\/product_brand?post=378500"},{"taxonomy":"product_cat","embeddable":true,"href":"https:\/\/ninja.encktemp.com.br\/speedbrindes\/wp-json\/wp\/v2\/product_cat?post=378500"},{"taxonomy":"product_tag","embeddable":true,"href":"https:\/\/ninja.encktemp.com.br\/speedbrindes\/wp-json\/wp\/v2\/product_tag?post=378500"}],"curies":[{"name":"wp","href":"https:\/\/api.w.org\/{rel}","templated":true}]}}