{"id":378465,"date":"2026-04-11T22:44:33","date_gmt":"2026-04-12T01:44:33","guid":{"rendered":"https:\/\/ninja.encktemp.com.br\/speedbrindes\/product\/plaquinha-metalica-2\/"},"modified":"2026-04-12T01:16:22","modified_gmt":"2026-04-12T04:16:22","slug":"plaquinha-metalica-2","status":"publish","type":"product","link":"https:\/\/ninja.encktemp.com.br\/speedbrindes\/product\/plaquinha-metalica-2\/","title":{"rendered":"PLAQUINHA MET\u00c1LICA"},"content":{"rendered":"","protected":false},"excerpt":{"rendered":"<p> Plaquinha met\u00e1lica para personaliza\u00e7\u00e3o. Conta com duas hastes traseiras sem ponta para fixa\u00e7\u00e3o.<\/p>\n<p><strong>Altura:<\/strong> 1.8 cm<br \/>\n<strong>Largura:<\/strong> 6 cm<br \/>\n<strong>Comprimento:<\/strong> 1.5 cm<br \/>\n<strong>Peso aproximado (g):<\/strong> 8<\/p>\n","protected":false},"featured_media":0,"comment_status":"open","ping_status":"closed","template":"","meta":[],"product_brand":[2878],"product_cat":[2713],"product_tag":[],"class_list":{"0":"post-378465","1":"product","2":"type-product","3":"status-publish","5":"product_brand-xbz","6":"product_cat-2713","8":"first","9":"instock","10":"shipping-taxable","11":"purchasable","12":"product-type-simple"},"_links":{"self":[{"href":"https:\/\/ninja.encktemp.com.br\/speedbrindes\/wp-json\/wp\/v2\/product\/378465","targetHints":{"allow":["GET"]}}],"collection":[{"href":"https:\/\/ninja.encktemp.com.br\/speedbrindes\/wp-json\/wp\/v2\/product"}],"about":[{"href":"https:\/\/ninja.encktemp.com.br\/speedbrindes\/wp-json\/wp\/v2\/types\/product"}],"replies":[{"embeddable":true,"href":"https:\/\/ninja.encktemp.com.br\/speedbrindes\/wp-json\/wp\/v2\/comments?post=378465"}],"wp:attachment":[{"href":"https:\/\/ninja.encktemp.com.br\/speedbrindes\/wp-json\/wp\/v2\/media?parent=378465"}],"wp:term":[{"taxonomy":"product_brand","embeddable":true,"href":"https:\/\/ninja.encktemp.com.br\/speedbrindes\/wp-json\/wp\/v2\/product_brand?post=378465"},{"taxonomy":"product_cat","embeddable":true,"href":"https:\/\/ninja.encktemp.com.br\/speedbrindes\/wp-json\/wp\/v2\/product_cat?post=378465"},{"taxonomy":"product_tag","embeddable":true,"href":"https:\/\/ninja.encktemp.com.br\/speedbrindes\/wp-json\/wp\/v2\/product_tag?post=378465"}],"curies":[{"name":"wp","href":"https:\/\/api.w.org\/{rel}","templated":true}]}}