{"id":283190,"date":"2025-12-14T22:40:44","date_gmt":"2025-12-15T01:40:44","guid":{"rendered":"https:\/\/ninja.encktemp.com.br\/speedbrindes\/product\/ventilador-com-led-e-carregamento-via-inducao-2\/"},"modified":"2025-12-28T05:03:56","modified_gmt":"2025-12-28T08:03:56","slug":"ventilador-com-led-e-carregamento-via-inducao-2","status":"publish","type":"product","link":"https:\/\/ninja.encktemp.com.br\/speedbrindes\/product\/ventilador-com-led-e-carregamento-via-inducao-2\/","title":{"rendered":"VENTILADOR COM LED E CARREGAMENTO VIA INDU\u00c7\u00c3O"},"content":{"rendered":"<p>Refresc\u00e2ncia, ilumina\u00e7\u00e3o e tecnologia de m\u00e3os dadas em um \u00fanico produto! Nosso ventilador com lumin\u00e1ria e carregamento por indu\u00e7\u00e3o \u00e9 a esta\u00e7\u00e3o perfeita para estudos e o trabalho. Feito em pl\u00e1stico, ele conta com 3 est\u00e1gios de ventila\u00e7\u00e3o para atender a diferentes necessidades e fornece ilumina\u00e7\u00e3o com 17 LEDs em luz fria, criando o ambiente ideal para tarefas que exigem concentra\u00e7\u00e3o e aten\u00e7\u00e3o aos detalhes. Sua base inteligente permite o carregamento de celulares via indu\u00e7\u00e3o, por meio da \u00e1rea indicada por um sinal de +. Para garantir o funcionamento, basta conectar o produto a uma fonte de energia, pois ele n\u00e3o armazena bateria. Acompanha cabo USB Tipo-C.<\/p>\n","protected":false},"excerpt":{"rendered":"<p>Refresc\u00e2ncia, ilumina\u00e7\u00e3o e tecnologia de m\u00e3os dadas em um \u00fanico produto! Nosso ventilador com lumin\u00e1ria e carregamento por indu\u00e7\u00e3o \u00e9 [&hellip;]<\/p>\n","protected":false},"featured_media":299995,"comment_status":"open","ping_status":"closed","template":"","meta":[],"product_brand":[2878],"product_cat":[2906,2981],"product_tag":[],"class_list":{"0":"post-283190","1":"product","2":"type-product","3":"status-publish","4":"has-post-thumbnail","6":"product_brand-xbz","7":"product_cat-eletronicos-e-acessorios","8":"product_cat-para-celular","10":"first","11":"instock","12":"shipping-taxable","13":"purchasable","14":"product-type-simple"},"_links":{"self":[{"href":"https:\/\/ninja.encktemp.com.br\/speedbrindes\/wp-json\/wp\/v2\/product\/283190","targetHints":{"allow":["GET"]}}],"collection":[{"href":"https:\/\/ninja.encktemp.com.br\/speedbrindes\/wp-json\/wp\/v2\/product"}],"about":[{"href":"https:\/\/ninja.encktemp.com.br\/speedbrindes\/wp-json\/wp\/v2\/types\/product"}],"replies":[{"embeddable":true,"href":"https:\/\/ninja.encktemp.com.br\/speedbrindes\/wp-json\/wp\/v2\/comments?post=283190"}],"wp:featuredmedia":[{"embeddable":true,"href":"https:\/\/ninja.encktemp.com.br\/speedbrindes\/wp-json\/wp\/v2\/media\/299995"}],"wp:attachment":[{"href":"https:\/\/ninja.encktemp.com.br\/speedbrindes\/wp-json\/wp\/v2\/media?parent=283190"}],"wp:term":[{"taxonomy":"product_brand","embeddable":true,"href":"https:\/\/ninja.encktemp.com.br\/speedbrindes\/wp-json\/wp\/v2\/product_brand?post=283190"},{"taxonomy":"product_cat","embeddable":true,"href":"https:\/\/ninja.encktemp.com.br\/speedbrindes\/wp-json\/wp\/v2\/product_cat?post=283190"},{"taxonomy":"product_tag","embeddable":true,"href":"https:\/\/ninja.encktemp.com.br\/speedbrindes\/wp-json\/wp\/v2\/product_tag?post=283190"}],"curies":[{"name":"wp","href":"https:\/\/api.w.org\/{rel}","templated":true}]}}