{"id":281030,"date":"2025-12-14T22:32:47","date_gmt":"2025-12-15T01:32:47","guid":{"rendered":"https:\/\/ninja.encktemp.com.br\/speedbrindes\/product\/porta-objetos-7\/"},"modified":"2025-12-28T05:11:59","modified_gmt":"2025-12-28T08:11:59","slug":"porta-objetos-7","status":"publish","type":"product","link":"https:\/\/ninja.encktemp.com.br\/speedbrindes\/product\/porta-objetos-7\/","title":{"rendered":"PORTA OBJETOS"},"content":{"rendered":"<p>Ol\u00e1 praticidade e adeus perdas! Nosso porta-objeto em acr\u00edlico \u00e9 ideal para quem quer manter tudo organizado e f\u00e1cil de encontrar. Com a tampa de encaixe e o pegador, seus itens de beleza, costura, higiene e outros ficar\u00e3o mais seguros e protegidos, evitando que se percam.<\/p>\n","protected":false},"excerpt":{"rendered":"<p>Ol\u00e1 praticidade e adeus perdas! Nosso porta-objeto em acr\u00edlico \u00e9 ideal para quem quer manter tudo organizado e f\u00e1cil de [&hellip;]<\/p>\n","protected":false},"featured_media":300094,"comment_status":"open","ping_status":"closed","template":"","meta":[],"product_brand":[2878],"product_cat":[2902],"product_tag":[],"class_list":{"0":"post-281030","1":"product","2":"type-product","3":"status-publish","4":"has-post-thumbnail","6":"product_brand-xbz","7":"product_cat-escritorio-e-papelaria","9":"first","10":"instock","11":"shipping-taxable","12":"purchasable","13":"product-type-simple"},"_links":{"self":[{"href":"https:\/\/ninja.encktemp.com.br\/speedbrindes\/wp-json\/wp\/v2\/product\/281030","targetHints":{"allow":["GET"]}}],"collection":[{"href":"https:\/\/ninja.encktemp.com.br\/speedbrindes\/wp-json\/wp\/v2\/product"}],"about":[{"href":"https:\/\/ninja.encktemp.com.br\/speedbrindes\/wp-json\/wp\/v2\/types\/product"}],"replies":[{"embeddable":true,"href":"https:\/\/ninja.encktemp.com.br\/speedbrindes\/wp-json\/wp\/v2\/comments?post=281030"}],"wp:featuredmedia":[{"embeddable":true,"href":"https:\/\/ninja.encktemp.com.br\/speedbrindes\/wp-json\/wp\/v2\/media\/300094"}],"wp:attachment":[{"href":"https:\/\/ninja.encktemp.com.br\/speedbrindes\/wp-json\/wp\/v2\/media?parent=281030"}],"wp:term":[{"taxonomy":"product_brand","embeddable":true,"href":"https:\/\/ninja.encktemp.com.br\/speedbrindes\/wp-json\/wp\/v2\/product_brand?post=281030"},{"taxonomy":"product_cat","embeddable":true,"href":"https:\/\/ninja.encktemp.com.br\/speedbrindes\/wp-json\/wp\/v2\/product_cat?post=281030"},{"taxonomy":"product_tag","embeddable":true,"href":"https:\/\/ninja.encktemp.com.br\/speedbrindes\/wp-json\/wp\/v2\/product_tag?post=281030"}],"curies":[{"name":"wp","href":"https:\/\/api.w.org\/{rel}","templated":true}]}}