{"id":280797,"date":"2025-12-14T22:31:55","date_gmt":"2025-12-15T01:31:55","guid":{"rendered":"https:\/\/ninja.encktemp.com.br\/speedbrindes\/product\/porta-joias-75\/"},"modified":"2025-12-28T05:12:17","modified_gmt":"2025-12-28T08:12:17","slug":"porta-joias-75","status":"publish","type":"product","link":"https:\/\/ninja.encktemp.com.br\/speedbrindes\/product\/porta-joias-75\/","title":{"rendered":"PORTA-JOIAS"},"content":{"rendered":"<p>Maleta porta-joias em couro sint\u00e9tico texturizado, revestimento interno aveludado e fechamento por cadeado com senha num\u00e9rica. Possui quatro ganchos, bolso com el\u00e1stico e espelho retangular fixado. Conta ainda com dois compartimentos principais: o superior, remov\u00edvel, com cinco divis\u00f3rias, uma com tampa e duas almofadadas para an\u00e9is; e o inferior, com seis divis\u00f3rias remov\u00edveis.<\/p>\n","protected":false},"excerpt":{"rendered":"<p>Maleta porta-joias em couro sint\u00e9tico texturizado, revestimento interno aveludado e fechamento por cadeado com senha num\u00e9rica. Possui quatro ganchos, bolso [&hellip;]<\/p>\n","protected":false},"featured_media":245480,"comment_status":"open","ping_status":"closed","template":"","meta":[],"product_brand":[2878],"product_cat":[2236,2904],"product_tag":[],"class_list":{"0":"post-280797","1":"product","2":"type-product","3":"status-publish","4":"has-post-thumbnail","6":"product_brand-xbz","7":"product_cat-espelhos-e-escovas","8":"product_cat-cuidados-pessoais","10":"first","11":"instock","12":"shipping-taxable","13":"purchasable","14":"product-type-simple"},"_links":{"self":[{"href":"https:\/\/ninja.encktemp.com.br\/speedbrindes\/wp-json\/wp\/v2\/product\/280797","targetHints":{"allow":["GET"]}}],"collection":[{"href":"https:\/\/ninja.encktemp.com.br\/speedbrindes\/wp-json\/wp\/v2\/product"}],"about":[{"href":"https:\/\/ninja.encktemp.com.br\/speedbrindes\/wp-json\/wp\/v2\/types\/product"}],"replies":[{"embeddable":true,"href":"https:\/\/ninja.encktemp.com.br\/speedbrindes\/wp-json\/wp\/v2\/comments?post=280797"}],"wp:featuredmedia":[{"embeddable":true,"href":"https:\/\/ninja.encktemp.com.br\/speedbrindes\/wp-json\/wp\/v2\/media\/245480"}],"wp:attachment":[{"href":"https:\/\/ninja.encktemp.com.br\/speedbrindes\/wp-json\/wp\/v2\/media?parent=280797"}],"wp:term":[{"taxonomy":"product_brand","embeddable":true,"href":"https:\/\/ninja.encktemp.com.br\/speedbrindes\/wp-json\/wp\/v2\/product_brand?post=280797"},{"taxonomy":"product_cat","embeddable":true,"href":"https:\/\/ninja.encktemp.com.br\/speedbrindes\/wp-json\/wp\/v2\/product_cat?post=280797"},{"taxonomy":"product_tag","embeddable":true,"href":"https:\/\/ninja.encktemp.com.br\/speedbrindes\/wp-json\/wp\/v2\/product_tag?post=280797"}],"curies":[{"name":"wp","href":"https:\/\/api.w.org\/{rel}","templated":true}]}}