{"id":280602,"date":"2025-12-14T22:31:08","date_gmt":"2025-12-15T01:31:08","guid":{"rendered":"https:\/\/ninja.encktemp.com.br\/speedbrindes\/product\/caixa-de-som-com-luminaria-4\/"},"modified":"2025-12-28T05:12:49","modified_gmt":"2025-12-28T08:12:49","slug":"caixa-de-som-com-luminaria-4","status":"publish","type":"product","link":"https:\/\/ninja.encktemp.com.br\/speedbrindes\/product\/caixa-de-som-com-luminaria-4\/","title":{"rendered":"CAIXA DE SOM COM LUMIN\u00c1RIA"},"content":{"rendered":"<p>Caixa de som com lumin\u00e1ria. Possui 8 modos de ilumina\u00e7\u00e3o, opera nos modos bluetooth, r\u00e1dio FM e TF (cart\u00e3o MicroSD).<\/p>\n","protected":false},"excerpt":{"rendered":"<p>Caixa de som com lumin\u00e1ria. Possui 8 modos de ilumina\u00e7\u00e3o, opera nos modos bluetooth, r\u00e1dio FM e TF (cart\u00e3o MicroSD).<\/p>\n","protected":false},"featured_media":299558,"comment_status":"open","ping_status":"closed","template":"","meta":[],"product_brand":[2878],"product_cat":[2906],"product_tag":[],"class_list":{"0":"post-280602","1":"product","2":"type-product","3":"status-publish","4":"has-post-thumbnail","6":"product_brand-xbz","7":"product_cat-eletronicos-e-acessorios","9":"first","10":"instock","11":"shipping-taxable","12":"purchasable","13":"product-type-simple"},"_links":{"self":[{"href":"https:\/\/ninja.encktemp.com.br\/speedbrindes\/wp-json\/wp\/v2\/product\/280602","targetHints":{"allow":["GET"]}}],"collection":[{"href":"https:\/\/ninja.encktemp.com.br\/speedbrindes\/wp-json\/wp\/v2\/product"}],"about":[{"href":"https:\/\/ninja.encktemp.com.br\/speedbrindes\/wp-json\/wp\/v2\/types\/product"}],"replies":[{"embeddable":true,"href":"https:\/\/ninja.encktemp.com.br\/speedbrindes\/wp-json\/wp\/v2\/comments?post=280602"}],"wp:featuredmedia":[{"embeddable":true,"href":"https:\/\/ninja.encktemp.com.br\/speedbrindes\/wp-json\/wp\/v2\/media\/299558"}],"wp:attachment":[{"href":"https:\/\/ninja.encktemp.com.br\/speedbrindes\/wp-json\/wp\/v2\/media?parent=280602"}],"wp:term":[{"taxonomy":"product_brand","embeddable":true,"href":"https:\/\/ninja.encktemp.com.br\/speedbrindes\/wp-json\/wp\/v2\/product_brand?post=280602"},{"taxonomy":"product_cat","embeddable":true,"href":"https:\/\/ninja.encktemp.com.br\/speedbrindes\/wp-json\/wp\/v2\/product_cat?post=280602"},{"taxonomy":"product_tag","embeddable":true,"href":"https:\/\/ninja.encktemp.com.br\/speedbrindes\/wp-json\/wp\/v2\/product_tag?post=280602"}],"curies":[{"name":"wp","href":"https:\/\/api.w.org\/{rel}","templated":true}]}}