{"id":276813,"date":"2025-12-14T22:17:19","date_gmt":"2025-12-15T01:17:19","guid":{"rendered":"https:\/\/ninja.encktemp.com.br\/speedbrindes\/product\/mochila-anti-furto-2\/"},"modified":"2025-12-28T05:17:01","modified_gmt":"2025-12-28T08:17:01","slug":"mochila-anti-furto-2","status":"publish","type":"product","link":"https:\/\/ninja.encktemp.com.br\/speedbrindes\/product\/mochila-anti-furto-2\/","title":{"rendered":"MOCHILA ANTI-FURTO"},"content":{"rendered":"<p>Mochila anti-furto de poli\u00e9ster. Pensando na seguran\u00e7a do usu\u00e1rio foi confeccionado o compartimento principal na \u00e1rea traseira, impossibilitando a abertura do produto mesmo com a mochila na costa do usu\u00e1rio. Possui dispositivo com entrada USB na parte externa com  cabo USB acoplado internamente permitindo a conex\u00e3o de um carregador port\u00e1til na \u00e1rea interna e a conex\u00e3o de um eletr\u00f4nico na \u00e1rea externa, viabilizando a carga e utiliza\u00e7\u00e3o do eletr\u00f4nico enquanto caminha.  \u00c1rea interna do compartimento principal: bolso para notebook de 15,6 polegadas, bolso para tablet, quatro bolsos para acess\u00f3rios, possui nas laterais internas sistema de velcro, maximizando a seguran\u00e7a da mochila. Parte frontal com faixa refletiva, al\u00e7as para as costas ajust\u00e1veis revestidas com espuma para um maior conforto sendo uma delas com bolso de z\u00edper, al\u00e7a para m\u00e3os e al\u00e7a horizontal para encaixe em malas de viagem.<\/p>\n","protected":false},"excerpt":{"rendered":"<p>Mochila anti-furto de poli\u00e9ster. Pensando na seguran\u00e7a do usu\u00e1rio foi confeccionado o compartimento principal na \u00e1rea traseira, impossibilitando a abertura [&hellip;]<\/p>\n","protected":false},"featured_media":299760,"comment_status":"open","ping_status":"closed","template":"","meta":[],"product_brand":[2878],"product_cat":[764,1203,1208,2897],"product_tag":[],"class_list":{"0":"post-276813","1":"product","2":"type-product","3":"status-publish","4":"has-post-thumbnail","6":"product_brand-xbz","7":"product_cat-mochilas-malas-e-necessaires","8":"product_cat-mochilas-malas-pastas","9":"product_cat-mochilas-mochilas-malas-pastas","10":"product_cat-mochilas-e-bolsas","12":"first","13":"instock","14":"shipping-taxable","15":"purchasable","16":"product-type-simple"},"_links":{"self":[{"href":"https:\/\/ninja.encktemp.com.br\/speedbrindes\/wp-json\/wp\/v2\/product\/276813","targetHints":{"allow":["GET"]}}],"collection":[{"href":"https:\/\/ninja.encktemp.com.br\/speedbrindes\/wp-json\/wp\/v2\/product"}],"about":[{"href":"https:\/\/ninja.encktemp.com.br\/speedbrindes\/wp-json\/wp\/v2\/types\/product"}],"replies":[{"embeddable":true,"href":"https:\/\/ninja.encktemp.com.br\/speedbrindes\/wp-json\/wp\/v2\/comments?post=276813"}],"wp:featuredmedia":[{"embeddable":true,"href":"https:\/\/ninja.encktemp.com.br\/speedbrindes\/wp-json\/wp\/v2\/media\/299760"}],"wp:attachment":[{"href":"https:\/\/ninja.encktemp.com.br\/speedbrindes\/wp-json\/wp\/v2\/media?parent=276813"}],"wp:term":[{"taxonomy":"product_brand","embeddable":true,"href":"https:\/\/ninja.encktemp.com.br\/speedbrindes\/wp-json\/wp\/v2\/product_brand?post=276813"},{"taxonomy":"product_cat","embeddable":true,"href":"https:\/\/ninja.encktemp.com.br\/speedbrindes\/wp-json\/wp\/v2\/product_cat?post=276813"},{"taxonomy":"product_tag","embeddable":true,"href":"https:\/\/ninja.encktemp.com.br\/speedbrindes\/wp-json\/wp\/v2\/product_tag?post=276813"}],"curies":[{"name":"wp","href":"https:\/\/api.w.org\/{rel}","templated":true}]}}