{"id":275632,"date":"2025-12-14T22:13:09","date_gmt":"2025-12-15T01:13:09","guid":{"rendered":"https:\/\/ninja.encktemp.com.br\/speedbrindes\/product\/bandeja-melamina-7\/"},"modified":"2025-12-28T05:18:17","modified_gmt":"2025-12-28T08:18:17","slug":"bandeja-melamina-7","status":"publish","type":"product","link":"https:\/\/ninja.encktemp.com.br\/speedbrindes\/product\/bandeja-melamina-7\/","title":{"rendered":"BANDEJA MELAMINA"},"content":{"rendered":"<p>Uma bandeja retangular vers\u00e1til feita em melamina material leve, resistente e f\u00e1cil de limpar. Conta com um par de al\u00e7as laterais para facilitar o transporte.<\/p>\n","protected":false},"excerpt":{"rendered":"<p>Uma bandeja retangular vers\u00e1til feita em melamina material leve, resistente e f\u00e1cil de limpar. Conta com um par de al\u00e7as [&hellip;]<\/p>\n","protected":false},"featured_media":300325,"comment_status":"open","ping_status":"closed","template":"","meta":[],"product_brand":[2878],"product_cat":[2713],"product_tag":[],"class_list":{"0":"post-275632","1":"product","2":"type-product","3":"status-publish","4":"has-post-thumbnail","6":"product_brand-xbz","7":"product_cat-2713","9":"first","10":"instock","11":"shipping-taxable","12":"purchasable","13":"product-type-simple"},"_links":{"self":[{"href":"https:\/\/ninja.encktemp.com.br\/speedbrindes\/wp-json\/wp\/v2\/product\/275632","targetHints":{"allow":["GET"]}}],"collection":[{"href":"https:\/\/ninja.encktemp.com.br\/speedbrindes\/wp-json\/wp\/v2\/product"}],"about":[{"href":"https:\/\/ninja.encktemp.com.br\/speedbrindes\/wp-json\/wp\/v2\/types\/product"}],"replies":[{"embeddable":true,"href":"https:\/\/ninja.encktemp.com.br\/speedbrindes\/wp-json\/wp\/v2\/comments?post=275632"}],"wp:featuredmedia":[{"embeddable":true,"href":"https:\/\/ninja.encktemp.com.br\/speedbrindes\/wp-json\/wp\/v2\/media\/300325"}],"wp:attachment":[{"href":"https:\/\/ninja.encktemp.com.br\/speedbrindes\/wp-json\/wp\/v2\/media?parent=275632"}],"wp:term":[{"taxonomy":"product_brand","embeddable":true,"href":"https:\/\/ninja.encktemp.com.br\/speedbrindes\/wp-json\/wp\/v2\/product_brand?post=275632"},{"taxonomy":"product_cat","embeddable":true,"href":"https:\/\/ninja.encktemp.com.br\/speedbrindes\/wp-json\/wp\/v2\/product_cat?post=275632"},{"taxonomy":"product_tag","embeddable":true,"href":"https:\/\/ninja.encktemp.com.br\/speedbrindes\/wp-json\/wp\/v2\/product_tag?post=275632"}],"curies":[{"name":"wp","href":"https:\/\/api.w.org\/{rel}","templated":true}]}}