{"id":273752,"date":"2025-12-14T21:34:40","date_gmt":"2025-12-15T00:34:40","guid":{"rendered":"https:\/\/ninja.encktemp.com.br\/speedbrindes\/product\/bolsa-termica-dupla-8l\/"},"modified":"2025-12-28T05:21:13","modified_gmt":"2025-12-28T08:21:13","slug":"bolsa-termica-dupla-8l","status":"publish","type":"product","link":"https:\/\/ninja.encktemp.com.br\/speedbrindes\/product\/bolsa-termica-dupla-8l\/","title":{"rendered":"BOLSA T\u00c9RMICA DUPLA 8L"},"content":{"rendered":"<p>Bolsa t\u00e9rmica dupla feita em poli\u00e9ster 300D resistente \u00e0 \u00e1gua, com capacidade total de 8 litros divididos em dois compartimentos revestidos internamente em PEVA: o superior comporta at\u00e9 5 litros e o inferior, at\u00e9 3 litros. Possui al\u00e7a superior com engate em pl\u00e1stico.<\/p>\n","protected":false},"excerpt":{"rendered":"<p>Bolsa t\u00e9rmica dupla feita em poli\u00e9ster 300D resistente \u00e0 \u00e1gua, com capacidade total de 8 litros divididos em dois compartimentos [&hellip;]<\/p>\n","protected":false},"featured_media":295355,"comment_status":"open","ping_status":"closed","template":"","meta":[],"product_brand":[2878],"product_cat":[2897],"product_tag":[],"class_list":{"0":"post-273752","1":"product","2":"type-product","3":"status-publish","4":"has-post-thumbnail","6":"product_brand-xbz","7":"product_cat-mochilas-e-bolsas","9":"first","10":"instock","11":"shipping-taxable","12":"purchasable","13":"product-type-variable"},"_links":{"self":[{"href":"https:\/\/ninja.encktemp.com.br\/speedbrindes\/wp-json\/wp\/v2\/product\/273752","targetHints":{"allow":["GET"]}}],"collection":[{"href":"https:\/\/ninja.encktemp.com.br\/speedbrindes\/wp-json\/wp\/v2\/product"}],"about":[{"href":"https:\/\/ninja.encktemp.com.br\/speedbrindes\/wp-json\/wp\/v2\/types\/product"}],"replies":[{"embeddable":true,"href":"https:\/\/ninja.encktemp.com.br\/speedbrindes\/wp-json\/wp\/v2\/comments?post=273752"}],"wp:featuredmedia":[{"embeddable":true,"href":"https:\/\/ninja.encktemp.com.br\/speedbrindes\/wp-json\/wp\/v2\/media\/295355"}],"wp:attachment":[{"href":"https:\/\/ninja.encktemp.com.br\/speedbrindes\/wp-json\/wp\/v2\/media?parent=273752"}],"wp:term":[{"taxonomy":"product_brand","embeddable":true,"href":"https:\/\/ninja.encktemp.com.br\/speedbrindes\/wp-json\/wp\/v2\/product_brand?post=273752"},{"taxonomy":"product_cat","embeddable":true,"href":"https:\/\/ninja.encktemp.com.br\/speedbrindes\/wp-json\/wp\/v2\/product_cat?post=273752"},{"taxonomy":"product_tag","embeddable":true,"href":"https:\/\/ninja.encktemp.com.br\/speedbrindes\/wp-json\/wp\/v2\/product_tag?post=273752"}],"curies":[{"name":"wp","href":"https:\/\/api.w.org\/{rel}","templated":true}]}}