{"id":273656,"date":"2025-12-14T21:34:25","date_gmt":"2025-12-15T00:34:25","guid":{"rendered":"https:\/\/ninja.encktemp.com.br\/speedbrindes\/product\/garrafa-termica-600ml-4\/"},"modified":"2025-12-28T05:21:20","modified_gmt":"2025-12-28T08:21:20","slug":"garrafa-termica-600ml-4","status":"publish","type":"product","link":"https:\/\/ninja.encktemp.com.br\/speedbrindes\/product\/garrafa-termica-600ml-4\/","title":{"rendered":"GARRAFA T\u00c9RMICA 600ML"},"content":{"rendered":"<p>Garrafa t\u00e9rmica feita em inox com estrutura em parede dupla, veda\u00e7\u00e3o a v\u00e1cuo e capacidade m\u00e1xima de 600ml, ideal para manter a temperatura de l\u00edquidos por mais tempo. Possui tampa rosque\u00e1vel em pl\u00e1stico resistente com protetor de bocal e al\u00e7a fixa, em formato retangular, para transporte.<\/p>\n","protected":false},"excerpt":{"rendered":"<p>Garrafa t\u00e9rmica feita em inox com estrutura em parede dupla, veda\u00e7\u00e3o a v\u00e1cuo e capacidade m\u00e1xima de 600ml, ideal para [&hellip;]<\/p>\n","protected":false},"featured_media":295369,"comment_status":"open","ping_status":"closed","template":"","meta":[],"product_brand":[2878],"product_cat":[2901],"product_tag":[],"class_list":{"0":"post-273656","1":"product","2":"type-product","3":"status-publish","4":"has-post-thumbnail","6":"product_brand-xbz","7":"product_cat-casa-e-cozinha","9":"first","10":"instock","11":"shipping-taxable","12":"purchasable","13":"product-type-variable"},"_links":{"self":[{"href":"https:\/\/ninja.encktemp.com.br\/speedbrindes\/wp-json\/wp\/v2\/product\/273656","targetHints":{"allow":["GET"]}}],"collection":[{"href":"https:\/\/ninja.encktemp.com.br\/speedbrindes\/wp-json\/wp\/v2\/product"}],"about":[{"href":"https:\/\/ninja.encktemp.com.br\/speedbrindes\/wp-json\/wp\/v2\/types\/product"}],"replies":[{"embeddable":true,"href":"https:\/\/ninja.encktemp.com.br\/speedbrindes\/wp-json\/wp\/v2\/comments?post=273656"}],"wp:featuredmedia":[{"embeddable":true,"href":"https:\/\/ninja.encktemp.com.br\/speedbrindes\/wp-json\/wp\/v2\/media\/295369"}],"wp:attachment":[{"href":"https:\/\/ninja.encktemp.com.br\/speedbrindes\/wp-json\/wp\/v2\/media?parent=273656"}],"wp:term":[{"taxonomy":"product_brand","embeddable":true,"href":"https:\/\/ninja.encktemp.com.br\/speedbrindes\/wp-json\/wp\/v2\/product_brand?post=273656"},{"taxonomy":"product_cat","embeddable":true,"href":"https:\/\/ninja.encktemp.com.br\/speedbrindes\/wp-json\/wp\/v2\/product_cat?post=273656"},{"taxonomy":"product_tag","embeddable":true,"href":"https:\/\/ninja.encktemp.com.br\/speedbrindes\/wp-json\/wp\/v2\/product_tag?post=273656"}],"curies":[{"name":"wp","href":"https:\/\/api.w.org\/{rel}","templated":true}]}}