{"id":271632,"date":"2025-12-14T21:28:49","date_gmt":"2025-12-15T00:28:49","guid":{"rendered":"https:\/\/ninja.encktemp.com.br\/speedbrindes\/product\/garrafa-termica-460ml\/"},"modified":"2025-12-28T05:24:17","modified_gmt":"2025-12-28T08:24:17","slug":"garrafa-termica-460ml","status":"publish","type":"product","link":"https:\/\/ninja.encktemp.com.br\/speedbrindes\/product\/garrafa-termica-460ml\/","title":{"rendered":"GARRAFA T\u00c9RMICA 460ML"},"content":{"rendered":"<p>Mantenha a bebida na temperatura ideal, seja ela quentinha ou bem gelada! Com excelente conserva\u00e7\u00e3o, nossa Garrafa T\u00e9rmica de 460ml, produzida em a\u00e7o inoxid\u00e1vel 304 e base antiderrapante para maior estabilidade em superf\u00edcies, possui um design super pr\u00e1tico com duas aberturas, sendo uma com bocal contendo tampa protetora rosque\u00e1vel e al\u00e7a emborrachada integrada para facilitar a locomo\u00e7\u00e3o, e outra abertura larga para facilitar o enchimento e a limpeza.\u00a0 Mais do que pr\u00e1tica, essa garrafa garante que a bebida mantenha sua qualidade t\u00e9rmica e sabor por muito mais tempo.<\/p>\n","protected":false},"excerpt":{"rendered":"<p>Mantenha a bebida na temperatura ideal, seja ela quentinha ou bem gelada! Com excelente conserva\u00e7\u00e3o, nossa Garrafa T\u00e9rmica de 460ml, [&hellip;]<\/p>\n","protected":false},"featured_media":294851,"comment_status":"open","ping_status":"closed","template":"","meta":[],"product_brand":[2878],"product_cat":[2901],"product_tag":[],"class_list":{"0":"post-271632","1":"product","2":"type-product","3":"status-publish","4":"has-post-thumbnail","6":"product_brand-xbz","7":"product_cat-casa-e-cozinha","9":"first","10":"instock","11":"shipping-taxable","12":"purchasable","13":"product-type-variable"},"_links":{"self":[{"href":"https:\/\/ninja.encktemp.com.br\/speedbrindes\/wp-json\/wp\/v2\/product\/271632","targetHints":{"allow":["GET"]}}],"collection":[{"href":"https:\/\/ninja.encktemp.com.br\/speedbrindes\/wp-json\/wp\/v2\/product"}],"about":[{"href":"https:\/\/ninja.encktemp.com.br\/speedbrindes\/wp-json\/wp\/v2\/types\/product"}],"replies":[{"embeddable":true,"href":"https:\/\/ninja.encktemp.com.br\/speedbrindes\/wp-json\/wp\/v2\/comments?post=271632"}],"wp:featuredmedia":[{"embeddable":true,"href":"https:\/\/ninja.encktemp.com.br\/speedbrindes\/wp-json\/wp\/v2\/media\/294851"}],"wp:attachment":[{"href":"https:\/\/ninja.encktemp.com.br\/speedbrindes\/wp-json\/wp\/v2\/media?parent=271632"}],"wp:term":[{"taxonomy":"product_brand","embeddable":true,"href":"https:\/\/ninja.encktemp.com.br\/speedbrindes\/wp-json\/wp\/v2\/product_brand?post=271632"},{"taxonomy":"product_cat","embeddable":true,"href":"https:\/\/ninja.encktemp.com.br\/speedbrindes\/wp-json\/wp\/v2\/product_cat?post=271632"},{"taxonomy":"product_tag","embeddable":true,"href":"https:\/\/ninja.encktemp.com.br\/speedbrindes\/wp-json\/wp\/v2\/product_tag?post=271632"}],"curies":[{"name":"wp","href":"https:\/\/api.w.org\/{rel}","templated":true}]}}