{"id":271250,"date":"2025-12-14T21:27:50","date_gmt":"2025-12-15T00:27:50","guid":{"rendered":"https:\/\/ninja.encktemp.com.br\/speedbrindes\/product\/porta-passaporte-em-couro-sintetico\/"},"modified":"2025-12-28T05:24:56","modified_gmt":"2025-12-28T08:24:56","slug":"porta-passaporte-em-couro-sintetico","status":"publish","type":"product","link":"https:\/\/ninja.encktemp.com.br\/speedbrindes\/product\/porta-passaporte-em-couro-sintetico\/","title":{"rendered":"PORTA PASSAPORTE EM COURO SINT\u00c9TICO"},"content":{"rendered":"<p>Organizar documentos para viagens nunca foi t\u00e3o f\u00e1cil com o nosso porta-passaporte! Feito em couro sint\u00e9tico, ele possui tecnologia de prote\u00e7\u00e3o RFID, que impede a leitura n\u00e3o autorizada de dados de cart\u00f5es e chips de identifica\u00e7\u00e3o. Conta com quatro compartimentos para cart\u00f5es, tr\u00eas bolsos, sendo um exclusivo para passaporte e outros para dinheiro e documentos, dois espa\u00e7os para cart\u00f5es SIM e fechamento em el\u00e1stico, garantindo que tudo fique no lugar. Perfeito para garantir praticidade e seguran\u00e7a enquanto se viaja!<\/p>\n","protected":false},"excerpt":{"rendered":"<p>Organizar documentos para viagens nunca foi t\u00e3o f\u00e1cil com o nosso porta-passaporte! Feito em couro sint\u00e9tico, ele possui tecnologia de [&hellip;]<\/p>\n","protected":false},"featured_media":295002,"comment_status":"open","ping_status":"closed","template":"","meta":[],"product_brand":[2878],"product_cat":[2905],"product_tag":[],"class_list":{"0":"post-271250","1":"product","2":"type-product","3":"status-publish","4":"has-post-thumbnail","6":"product_brand-xbz","7":"product_cat-bolsas-e-acessorios-de-viagem","9":"first","10":"instock","11":"shipping-taxable","12":"purchasable","13":"product-type-variable"},"_links":{"self":[{"href":"https:\/\/ninja.encktemp.com.br\/speedbrindes\/wp-json\/wp\/v2\/product\/271250","targetHints":{"allow":["GET"]}}],"collection":[{"href":"https:\/\/ninja.encktemp.com.br\/speedbrindes\/wp-json\/wp\/v2\/product"}],"about":[{"href":"https:\/\/ninja.encktemp.com.br\/speedbrindes\/wp-json\/wp\/v2\/types\/product"}],"replies":[{"embeddable":true,"href":"https:\/\/ninja.encktemp.com.br\/speedbrindes\/wp-json\/wp\/v2\/comments?post=271250"}],"wp:featuredmedia":[{"embeddable":true,"href":"https:\/\/ninja.encktemp.com.br\/speedbrindes\/wp-json\/wp\/v2\/media\/295002"}],"wp:attachment":[{"href":"https:\/\/ninja.encktemp.com.br\/speedbrindes\/wp-json\/wp\/v2\/media?parent=271250"}],"wp:term":[{"taxonomy":"product_brand","embeddable":true,"href":"https:\/\/ninja.encktemp.com.br\/speedbrindes\/wp-json\/wp\/v2\/product_brand?post=271250"},{"taxonomy":"product_cat","embeddable":true,"href":"https:\/\/ninja.encktemp.com.br\/speedbrindes\/wp-json\/wp\/v2\/product_cat?post=271250"},{"taxonomy":"product_tag","embeddable":true,"href":"https:\/\/ninja.encktemp.com.br\/speedbrindes\/wp-json\/wp\/v2\/product_tag?post=271250"}],"curies":[{"name":"wp","href":"https:\/\/api.w.org\/{rel}","templated":true}]}}