{"id":270213,"date":"2025-12-14T21:24:50","date_gmt":"2025-12-15T00:24:50","guid":{"rendered":"https:\/\/ninja.encktemp.com.br\/speedbrindes\/product\/necessaire-nylon-4\/"},"modified":"2025-12-28T05:26:27","modified_gmt":"2025-12-28T08:26:27","slug":"necessaire-nylon-4","status":"publish","type":"product","link":"https:\/\/ninja.encktemp.com.br\/speedbrindes\/product\/necessaire-nylon-4\/","title":{"rendered":"N\u00c9CESSAIRE NYLON"},"content":{"rendered":"<p>Este n\u00e9cessaire em formato compacto \u00e9 feito em nylon e possui viseira de pl\u00e1stico transparente. Al\u00e9m disso, possui fechamento em z\u00edper e al\u00e7a presa ao puxador feita em nylon.<\/p>\n","protected":false},"excerpt":{"rendered":"<p>Este n\u00e9cessaire em formato compacto \u00e9 feito em nylon e possui viseira de pl\u00e1stico transparente. Al\u00e9m disso, possui fechamento em [&hellip;]<\/p>\n","protected":false},"featured_media":296304,"comment_status":"open","ping_status":"closed","template":"","meta":[],"product_brand":[2878],"product_cat":[764,2905,2994],"product_tag":[],"class_list":{"0":"post-270213","1":"product","2":"type-product","3":"status-publish","4":"has-post-thumbnail","6":"product_brand-xbz","7":"product_cat-mochilas-malas-e-necessaires","8":"product_cat-bolsas-e-acessorios-de-viagem","9":"product_cat-necessaires","11":"first","12":"instock","13":"shipping-taxable","14":"purchasable","15":"product-type-variable"},"_links":{"self":[{"href":"https:\/\/ninja.encktemp.com.br\/speedbrindes\/wp-json\/wp\/v2\/product\/270213","targetHints":{"allow":["GET"]}}],"collection":[{"href":"https:\/\/ninja.encktemp.com.br\/speedbrindes\/wp-json\/wp\/v2\/product"}],"about":[{"href":"https:\/\/ninja.encktemp.com.br\/speedbrindes\/wp-json\/wp\/v2\/types\/product"}],"replies":[{"embeddable":true,"href":"https:\/\/ninja.encktemp.com.br\/speedbrindes\/wp-json\/wp\/v2\/comments?post=270213"}],"wp:featuredmedia":[{"embeddable":true,"href":"https:\/\/ninja.encktemp.com.br\/speedbrindes\/wp-json\/wp\/v2\/media\/296304"}],"wp:attachment":[{"href":"https:\/\/ninja.encktemp.com.br\/speedbrindes\/wp-json\/wp\/v2\/media?parent=270213"}],"wp:term":[{"taxonomy":"product_brand","embeddable":true,"href":"https:\/\/ninja.encktemp.com.br\/speedbrindes\/wp-json\/wp\/v2\/product_brand?post=270213"},{"taxonomy":"product_cat","embeddable":true,"href":"https:\/\/ninja.encktemp.com.br\/speedbrindes\/wp-json\/wp\/v2\/product_cat?post=270213"},{"taxonomy":"product_tag","embeddable":true,"href":"https:\/\/ninja.encktemp.com.br\/speedbrindes\/wp-json\/wp\/v2\/product_tag?post=270213"}],"curies":[{"name":"wp","href":"https:\/\/api.w.org\/{rel}","templated":true}]}}