{"id":270130,"date":"2025-12-14T21:24:37","date_gmt":"2025-12-15T00:24:37","guid":{"rendered":"https:\/\/ninja.encktemp.com.br\/speedbrindes\/product\/garrafa-540ml-inox\/"},"modified":"2025-12-28T05:26:35","modified_gmt":"2025-12-28T08:26:35","slug":"garrafa-540ml-inox","status":"publish","type":"product","link":"https:\/\/ninja.encktemp.com.br\/speedbrindes\/product\/garrafa-540ml-inox\/","title":{"rendered":"GARRAFA 540ML INOX"},"content":{"rendered":"<p>Fa\u00e7a da hidrata\u00e7\u00e3o um h\u00e1bito saud\u00e1vel e prazeroso! \u00a0Nossa garrafa de inox de 540ml \u00e9 a companheira ideal para os dias agitados. Com um acabamento brilhante e uma tampa rosque\u00e1vel, ela \u00e9 simples e elegante, perfeita para ter ao seu lado em todos os momentos.<\/p>\n","protected":false},"excerpt":{"rendered":"<p>Fa\u00e7a da hidrata\u00e7\u00e3o um h\u00e1bito saud\u00e1vel e prazeroso! \u00a0Nossa garrafa de inox de 540ml \u00e9 a companheira ideal para os [&hellip;]<\/p>\n","protected":false},"featured_media":296337,"comment_status":"open","ping_status":"closed","template":"","meta":[],"product_brand":[2878],"product_cat":[2901],"product_tag":[],"class_list":{"0":"post-270130","1":"product","2":"type-product","3":"status-publish","4":"has-post-thumbnail","6":"product_brand-xbz","7":"product_cat-casa-e-cozinha","9":"first","10":"instock","11":"shipping-taxable","12":"purchasable","13":"product-type-variable"},"_links":{"self":[{"href":"https:\/\/ninja.encktemp.com.br\/speedbrindes\/wp-json\/wp\/v2\/product\/270130","targetHints":{"allow":["GET"]}}],"collection":[{"href":"https:\/\/ninja.encktemp.com.br\/speedbrindes\/wp-json\/wp\/v2\/product"}],"about":[{"href":"https:\/\/ninja.encktemp.com.br\/speedbrindes\/wp-json\/wp\/v2\/types\/product"}],"replies":[{"embeddable":true,"href":"https:\/\/ninja.encktemp.com.br\/speedbrindes\/wp-json\/wp\/v2\/comments?post=270130"}],"wp:featuredmedia":[{"embeddable":true,"href":"https:\/\/ninja.encktemp.com.br\/speedbrindes\/wp-json\/wp\/v2\/media\/296337"}],"wp:attachment":[{"href":"https:\/\/ninja.encktemp.com.br\/speedbrindes\/wp-json\/wp\/v2\/media?parent=270130"}],"wp:term":[{"taxonomy":"product_brand","embeddable":true,"href":"https:\/\/ninja.encktemp.com.br\/speedbrindes\/wp-json\/wp\/v2\/product_brand?post=270130"},{"taxonomy":"product_cat","embeddable":true,"href":"https:\/\/ninja.encktemp.com.br\/speedbrindes\/wp-json\/wp\/v2\/product_cat?post=270130"},{"taxonomy":"product_tag","embeddable":true,"href":"https:\/\/ninja.encktemp.com.br\/speedbrindes\/wp-json\/wp\/v2\/product_tag?post=270130"}],"curies":[{"name":"wp","href":"https:\/\/api.w.org\/{rel}","templated":true}]}}