{"id":267027,"date":"2025-12-14T21:16:23","date_gmt":"2025-12-15T00:16:23","guid":{"rendered":"https:\/\/ninja.encktemp.com.br\/speedbrindes\/product\/plaquinha-p-gravacao-em-metal-3\/"},"modified":"2025-12-28T05:31:43","modified_gmt":"2025-12-28T08:31:43","slug":"plaquinha-p-gravacao-em-metal-3","status":"publish","type":"product","link":"https:\/\/ninja.encktemp.com.br\/speedbrindes\/product\/plaquinha-p-gravacao-em-metal-3\/","title":{"rendered":"PLAQUINHA P\/ GRAVA\u00c7\u00c3O EM METAL"},"content":{"rendered":"<p>Plaquinha met\u00e1lica para personaliza\u00e7\u00e3o. Possui hastes sem ponta na parte traseira, para fixa\u00e7\u00e3o fure o tecido, encaixe e dobre as hastes.<\/p>\n","protected":false},"excerpt":{"rendered":"<p>Plaquinha met\u00e1lica para personaliza\u00e7\u00e3o. Possui hastes sem ponta na parte traseira, para fixa\u00e7\u00e3o fure o tecido, encaixe e dobre as [&hellip;]<\/p>\n","protected":false},"featured_media":302157,"comment_status":"open","ping_status":"closed","template":"","meta":[],"product_brand":[2878],"product_cat":[2713],"product_tag":[],"class_list":{"0":"post-267027","1":"product","2":"type-product","3":"status-publish","4":"has-post-thumbnail","6":"product_brand-xbz","7":"product_cat-2713","9":"first","10":"instock","11":"shipping-taxable","12":"product-type-variable"},"_links":{"self":[{"href":"https:\/\/ninja.encktemp.com.br\/speedbrindes\/wp-json\/wp\/v2\/product\/267027","targetHints":{"allow":["GET"]}}],"collection":[{"href":"https:\/\/ninja.encktemp.com.br\/speedbrindes\/wp-json\/wp\/v2\/product"}],"about":[{"href":"https:\/\/ninja.encktemp.com.br\/speedbrindes\/wp-json\/wp\/v2\/types\/product"}],"replies":[{"embeddable":true,"href":"https:\/\/ninja.encktemp.com.br\/speedbrindes\/wp-json\/wp\/v2\/comments?post=267027"}],"wp:featuredmedia":[{"embeddable":true,"href":"https:\/\/ninja.encktemp.com.br\/speedbrindes\/wp-json\/wp\/v2\/media\/302157"}],"wp:attachment":[{"href":"https:\/\/ninja.encktemp.com.br\/speedbrindes\/wp-json\/wp\/v2\/media?parent=267027"}],"wp:term":[{"taxonomy":"product_brand","embeddable":true,"href":"https:\/\/ninja.encktemp.com.br\/speedbrindes\/wp-json\/wp\/v2\/product_brand?post=267027"},{"taxonomy":"product_cat","embeddable":true,"href":"https:\/\/ninja.encktemp.com.br\/speedbrindes\/wp-json\/wp\/v2\/product_cat?post=267027"},{"taxonomy":"product_tag","embeddable":true,"href":"https:\/\/ninja.encktemp.com.br\/speedbrindes\/wp-json\/wp\/v2\/product_tag?post=267027"}],"curies":[{"name":"wp","href":"https:\/\/api.w.org\/{rel}","templated":true}]}}