{"id":264426,"date":"2025-12-14T21:10:14","date_gmt":"2025-12-15T00:10:14","guid":{"rendered":"https:\/\/ninja.encktemp.com.br\/speedbrindes\/product\/necessaire-pvc-impermeavel-c-plaquinha\/"},"modified":"2025-12-28T05:35:42","modified_gmt":"2025-12-28T08:35:42","slug":"necessaire-pvc-impermeavel-c-plaquinha","status":"publish","type":"product","link":"https:\/\/ninja.encktemp.com.br\/speedbrindes\/product\/necessaire-pvc-impermeavel-c-plaquinha\/","title":{"rendered":"NECESSAIRE PVC IMPERME\u00c1VEL C\/ PLAQUINHA"},"content":{"rendered":"<p>N\u00e9cessaire de pvc resistente \u00e0 \u00e1gua com plaquinha met\u00e1lica fixa.<\/p>\n","protected":false},"excerpt":{"rendered":"<p>N\u00e9cessaire de pvc resistente \u00e0 \u00e1gua com plaquinha met\u00e1lica fixa.<\/p>\n","protected":false},"featured_media":298762,"comment_status":"open","ping_status":"closed","template":"","meta":[],"product_brand":[2878],"product_cat":[764,2713,2994],"product_tag":[],"class_list":{"0":"post-264426","1":"product","2":"type-product","3":"status-publish","4":"has-post-thumbnail","6":"product_brand-xbz","7":"product_cat-mochilas-malas-e-necessaires","8":"product_cat-2713","9":"product_cat-necessaires","11":"first","12":"instock","13":"shipping-taxable","14":"purchasable","15":"product-type-variable"},"_links":{"self":[{"href":"https:\/\/ninja.encktemp.com.br\/speedbrindes\/wp-json\/wp\/v2\/product\/264426","targetHints":{"allow":["GET"]}}],"collection":[{"href":"https:\/\/ninja.encktemp.com.br\/speedbrindes\/wp-json\/wp\/v2\/product"}],"about":[{"href":"https:\/\/ninja.encktemp.com.br\/speedbrindes\/wp-json\/wp\/v2\/types\/product"}],"replies":[{"embeddable":true,"href":"https:\/\/ninja.encktemp.com.br\/speedbrindes\/wp-json\/wp\/v2\/comments?post=264426"}],"wp:featuredmedia":[{"embeddable":true,"href":"https:\/\/ninja.encktemp.com.br\/speedbrindes\/wp-json\/wp\/v2\/media\/298762"}],"wp:attachment":[{"href":"https:\/\/ninja.encktemp.com.br\/speedbrindes\/wp-json\/wp\/v2\/media?parent=264426"}],"wp:term":[{"taxonomy":"product_brand","embeddable":true,"href":"https:\/\/ninja.encktemp.com.br\/speedbrindes\/wp-json\/wp\/v2\/product_brand?post=264426"},{"taxonomy":"product_cat","embeddable":true,"href":"https:\/\/ninja.encktemp.com.br\/speedbrindes\/wp-json\/wp\/v2\/product_cat?post=264426"},{"taxonomy":"product_tag","embeddable":true,"href":"https:\/\/ninja.encktemp.com.br\/speedbrindes\/wp-json\/wp\/v2\/product_tag?post=264426"}],"curies":[{"name":"wp","href":"https:\/\/api.w.org\/{rel}","templated":true}]}}