{"id":264340,"date":"2025-12-14T21:10:02","date_gmt":"2025-12-15T00:10:02","guid":{"rendered":"https:\/\/ninja.encktemp.com.br\/speedbrindes\/product\/squeeze-plastico-500ml-bic-plastic\/"},"modified":"2026-04-10T05:47:13","modified_gmt":"2026-04-10T08:47:13","slug":"squeeze-plastico-500ml-bic-plastic","status":"publish","type":"product","link":"https:\/\/ninja.encktemp.com.br\/speedbrindes\/product\/squeeze-plastico-500ml-bic-plastic\/","title":{"rendered":"SQUEEZE PLASTICO 500ML BIC PLASTIC"},"content":{"rendered":"<p>Squeeze 500ml de pl\u00e1stico resistente, possui detalhe em relevo na parte superior e tampa de bico(pl\u00e1stico) rosque\u00e1vel.<\/p>\n","protected":false},"excerpt":{"rendered":"<p>Squeeze 500ml de pl\u00e1stico resistente, possui detalhe em relevo na parte superior e tampa de bico(pl\u00e1stico) rosque\u00e1vel.<\/p>\n","protected":false},"featured_media":245935,"comment_status":"open","ping_status":"closed","template":"","meta":[],"product_brand":[2878],"product_cat":[439,790,981,2894,2901,2988],"product_tag":[],"class_list":{"0":"post-264340","1":"product","2":"type-product","3":"status-publish","4":"has-post-thumbnail","6":"product_brand-xbz","7":"product_cat-copos-canecas-squeezes-e-garrafas","8":"product_cat-copos-canecas-squeezes-e-garrafas-mochilas-malas-e-necessaires","9":"product_cat-squeezes-copos","10":"product_cat-garrafas-e-squeezes","11":"product_cat-casa-e-cozinha","12":"product_cat-squeezes","14":"first","15":"instock","16":"shipping-taxable","17":"purchasable","18":"product-type-variable"},"_links":{"self":[{"href":"https:\/\/ninja.encktemp.com.br\/speedbrindes\/wp-json\/wp\/v2\/product\/264340","targetHints":{"allow":["GET"]}}],"collection":[{"href":"https:\/\/ninja.encktemp.com.br\/speedbrindes\/wp-json\/wp\/v2\/product"}],"about":[{"href":"https:\/\/ninja.encktemp.com.br\/speedbrindes\/wp-json\/wp\/v2\/types\/product"}],"replies":[{"embeddable":true,"href":"https:\/\/ninja.encktemp.com.br\/speedbrindes\/wp-json\/wp\/v2\/comments?post=264340"}],"wp:featuredmedia":[{"embeddable":true,"href":"https:\/\/ninja.encktemp.com.br\/speedbrindes\/wp-json\/wp\/v2\/media\/245935"}],"wp:attachment":[{"href":"https:\/\/ninja.encktemp.com.br\/speedbrindes\/wp-json\/wp\/v2\/media?parent=264340"}],"wp:term":[{"taxonomy":"product_brand","embeddable":true,"href":"https:\/\/ninja.encktemp.com.br\/speedbrindes\/wp-json\/wp\/v2\/product_brand?post=264340"},{"taxonomy":"product_cat","embeddable":true,"href":"https:\/\/ninja.encktemp.com.br\/speedbrindes\/wp-json\/wp\/v2\/product_cat?post=264340"},{"taxonomy":"product_tag","embeddable":true,"href":"https:\/\/ninja.encktemp.com.br\/speedbrindes\/wp-json\/wp\/v2\/product_tag?post=264340"}],"curies":[{"name":"wp","href":"https:\/\/api.w.org\/{rel}","templated":true}]}}