{"id":263053,"date":"2025-12-14T21:07:09","date_gmt":"2025-12-15T00:07:09","guid":{"rendered":"https:\/\/ninja.encktemp.com.br\/speedbrindes\/product\/caneta-plastica-26\/"},"modified":"2025-12-28T05:37:47","modified_gmt":"2025-12-28T08:37:47","slug":"caneta-plastica-26","status":"publish","type":"product","link":"https:\/\/ninja.encktemp.com.br\/speedbrindes\/product\/caneta-plastica-26\/","title":{"rendered":"CANETA PL\u00c1STICA"},"content":{"rendered":"<p>Caneta pl\u00e1stica com detalhe emborrachado, carga esferogr\u00e1fica azul e acionamento por clique.    OBS.: PEDIDOS M\u00cdNIMO DE 50 PE\u00c7AS!  <\/p>\n","protected":false},"excerpt":{"rendered":"<p>Caneta pl\u00e1stica com detalhe emborrachado, carga esferogr\u00e1fica azul e acionamento por clique. OBS.: PEDIDOS M\u00cdNIMO DE 50 PE\u00c7AS!<\/p>\n","protected":false},"featured_media":299131,"comment_status":"open","ping_status":"closed","template":"","meta":[],"product_brand":[2878],"product_cat":[2902,2955],"product_tag":[],"class_list":{"0":"post-263053","1":"product","2":"type-product","3":"status-publish","4":"has-post-thumbnail","6":"product_brand-xbz","7":"product_cat-escritorio-e-papelaria","8":"product_cat-canetas-plasticas","10":"first","11":"instock","12":"shipping-taxable","13":"purchasable","14":"product-type-variable"},"_links":{"self":[{"href":"https:\/\/ninja.encktemp.com.br\/speedbrindes\/wp-json\/wp\/v2\/product\/263053","targetHints":{"allow":["GET"]}}],"collection":[{"href":"https:\/\/ninja.encktemp.com.br\/speedbrindes\/wp-json\/wp\/v2\/product"}],"about":[{"href":"https:\/\/ninja.encktemp.com.br\/speedbrindes\/wp-json\/wp\/v2\/types\/product"}],"replies":[{"embeddable":true,"href":"https:\/\/ninja.encktemp.com.br\/speedbrindes\/wp-json\/wp\/v2\/comments?post=263053"}],"wp:featuredmedia":[{"embeddable":true,"href":"https:\/\/ninja.encktemp.com.br\/speedbrindes\/wp-json\/wp\/v2\/media\/299131"}],"wp:attachment":[{"href":"https:\/\/ninja.encktemp.com.br\/speedbrindes\/wp-json\/wp\/v2\/media?parent=263053"}],"wp:term":[{"taxonomy":"product_brand","embeddable":true,"href":"https:\/\/ninja.encktemp.com.br\/speedbrindes\/wp-json\/wp\/v2\/product_brand?post=263053"},{"taxonomy":"product_cat","embeddable":true,"href":"https:\/\/ninja.encktemp.com.br\/speedbrindes\/wp-json\/wp\/v2\/product_cat?post=263053"},{"taxonomy":"product_tag","embeddable":true,"href":"https:\/\/ninja.encktemp.com.br\/speedbrindes\/wp-json\/wp\/v2\/product_tag?post=263053"}],"curies":[{"name":"wp","href":"https:\/\/api.w.org\/{rel}","templated":true}]}}