{"id":237102,"date":"2025-12-10T19:32:19","date_gmt":"2025-12-10T22:32:19","guid":{"rendered":"https:\/\/ninja.encktemp.com.br\/speedbrindes\/product\/emmy-cabo-usb-3-em-1-em-abs-e-pvc\/"},"modified":"2026-04-08T04:19:03","modified_gmt":"2026-04-08T07:19:03","slug":"emmy-cabo-usb-3-em-1-em-abs-e-pvc","status":"publish","type":"product","link":"https:\/\/ninja.encktemp.com.br\/speedbrindes\/product\/emmy-cabo-usb-3-em-1-em-abs-e-pvc\/","title":{"rendered":"EMMY. Cabo USB 3 em 1 em ABS e PVC"},"content":{"rendered":"","protected":false},"excerpt":{"rendered":"<p>Cabo USB 3 em 1 em ABS e PVC. Adequado para carregar dispositivos m\u00f3veis. Disp\u00f5e de um conector USB tipo C e um conector 2 em 1, compat\u00edvel com entradas micro USB e lightning. Fornecido em caixa de PP. Caixa: \u00f853 x 20 mm<\/p>\n<p><strong>Peso:<\/strong> 18 kg<\/p>\n","protected":false},"featured_media":206589,"comment_status":"open","ping_status":"closed","template":"","meta":[],"product_brand":[2684],"product_cat":[916,1355],"product_tag":[900,902,1321,1322,1323],"class_list":{"0":"post-237102","1":"product","2":"type-product","3":"status-publish","4":"has-post-thumbnail","6":"product_brand-spot-gifts","7":"product_cat-916","8":"product_cat-1355","9":"product_tag-certificado","10":"product_tag-certificados","11":"product_tag-cabos-usb","12":"product_tag-cabos","13":"product_tag-usb","15":"first","16":"instock","17":"shipping-taxable","18":"purchasable","19":"product-type-variable","20":"has-default-attributes"},"_links":{"self":[{"href":"https:\/\/ninja.encktemp.com.br\/speedbrindes\/wp-json\/wp\/v2\/product\/237102","targetHints":{"allow":["GET"]}}],"collection":[{"href":"https:\/\/ninja.encktemp.com.br\/speedbrindes\/wp-json\/wp\/v2\/product"}],"about":[{"href":"https:\/\/ninja.encktemp.com.br\/speedbrindes\/wp-json\/wp\/v2\/types\/product"}],"replies":[{"embeddable":true,"href":"https:\/\/ninja.encktemp.com.br\/speedbrindes\/wp-json\/wp\/v2\/comments?post=237102"}],"wp:featuredmedia":[{"embeddable":true,"href":"https:\/\/ninja.encktemp.com.br\/speedbrindes\/wp-json\/wp\/v2\/media\/206589"}],"wp:attachment":[{"href":"https:\/\/ninja.encktemp.com.br\/speedbrindes\/wp-json\/wp\/v2\/media?parent=237102"}],"wp:term":[{"taxonomy":"product_brand","embeddable":true,"href":"https:\/\/ninja.encktemp.com.br\/speedbrindes\/wp-json\/wp\/v2\/product_brand?post=237102"},{"taxonomy":"product_cat","embeddable":true,"href":"https:\/\/ninja.encktemp.com.br\/speedbrindes\/wp-json\/wp\/v2\/product_cat?post=237102"},{"taxonomy":"product_tag","embeddable":true,"href":"https:\/\/ninja.encktemp.com.br\/speedbrindes\/wp-json\/wp\/v2\/product_tag?post=237102"}],"curies":[{"name":"wp","href":"https:\/\/api.w.org\/{rel}","templated":true}]}}