{"id":234364,"date":"2025-12-05T19:22:37","date_gmt":"2025-12-05T22:22:37","guid":{"rendered":"https:\/\/ninja.encktemp.com.br\/speedbrindes\/product\/produto-551\/"},"modified":"2026-01-18T03:44:26","modified_gmt":"2026-01-18T06:44:26","slug":"produto-551","status":"publish","type":"product","link":"https:\/\/ninja.encktemp.com.br\/speedbrindes\/product\/produto-551\/","title":{"rendered":"SINGAPORE. Cooler. Bolsa t\u00e9rmica 9 L em 600D"},"content":{"rendered":"<p>Bolsa t\u00e9rmica em 600D com al\u00e7a ajust\u00e1vel em webbing e bolso frontal. Capacidade at\u00e9 9 L. Certifica\u00e7\u00e3o EU Food Grade. 240 x 220 x 170 mm<\/p>\n","protected":false},"excerpt":{"rendered":"<p>Bolsa t\u00e9rmica em 600D com al\u00e7a ajust\u00e1vel em webbing e bolso frontal. Capacidade at\u00e9 9 L. Certifica\u00e7\u00e3o EU Food Grade. [&hellip;]<\/p>\n","protected":false},"featured_media":205769,"comment_status":"open","ping_status":"closed","template":"","meta":[],"product_brand":[2684],"product_cat":[2844,772,2991,1008,1009,1013,3814,1421],"product_tag":[900,940,1011,1422],"class_list":{"0":"post-234364","1":"product","2":"type-product","3":"status-publish","4":"has-post-thumbnail","6":"product_brand-spot-gifts","7":"product_cat-bolsas-termicas-e-sacolas-kits-especiais-lancamentos","8":"product_cat-bolsas-termicas-e-sacolas-kits-especiais-lancamentos-mochilas-malas-e-necessaires","9":"product_cat-bolsas-e-sacolas","10":"product_cat-bolsas-termicas","11":"product_cat-1009","12":"product_cat-1013","13":"product_cat-lancamentos-speed","14":"product_cat-bolsas-termicas-crianca-escolar","15":"product_tag-certificado","16":"product_tag-bolsas","17":"product_tag-cooler","18":"product_tag-termicas","20":"first","21":"instock","22":"shipping-taxable","23":"purchasable","24":"product-type-variable","25":"has-default-attributes"},"_links":{"self":[{"href":"https:\/\/ninja.encktemp.com.br\/speedbrindes\/wp-json\/wp\/v2\/product\/234364","targetHints":{"allow":["GET"]}}],"collection":[{"href":"https:\/\/ninja.encktemp.com.br\/speedbrindes\/wp-json\/wp\/v2\/product"}],"about":[{"href":"https:\/\/ninja.encktemp.com.br\/speedbrindes\/wp-json\/wp\/v2\/types\/product"}],"replies":[{"embeddable":true,"href":"https:\/\/ninja.encktemp.com.br\/speedbrindes\/wp-json\/wp\/v2\/comments?post=234364"}],"wp:featuredmedia":[{"embeddable":true,"href":"https:\/\/ninja.encktemp.com.br\/speedbrindes\/wp-json\/wp\/v2\/media\/205769"}],"wp:attachment":[{"href":"https:\/\/ninja.encktemp.com.br\/speedbrindes\/wp-json\/wp\/v2\/media?parent=234364"}],"wp:term":[{"taxonomy":"product_brand","embeddable":true,"href":"https:\/\/ninja.encktemp.com.br\/speedbrindes\/wp-json\/wp\/v2\/product_brand?post=234364"},{"taxonomy":"product_cat","embeddable":true,"href":"https:\/\/ninja.encktemp.com.br\/speedbrindes\/wp-json\/wp\/v2\/product_cat?post=234364"},{"taxonomy":"product_tag","embeddable":true,"href":"https:\/\/ninja.encktemp.com.br\/speedbrindes\/wp-json\/wp\/v2\/product_tag?post=234364"}],"curies":[{"name":"wp","href":"https:\/\/api.w.org\/{rel}","templated":true}]}}