{"id":232051,"date":"2025-12-05T19:03:08","date_gmt":"2025-12-05T22:03:08","guid":{"rendered":"https:\/\/ninja.encktemp.com.br\/speedbrindes\/product\/produto-173\/"},"modified":"2026-01-18T03:46:02","modified_gmt":"2026-01-18T06:46:02","slug":"produto-173","status":"publish","type":"product","link":"https:\/\/ninja.encktemp.com.br\/speedbrindes\/product\/produto-173\/","title":{"rendered":"REPURPOSE BAG. Bolsa de cosm\u00e9ticos em 600D poli\u00e9ster reciclado"},"content":{"rendered":"<p>Bolsa de cosm\u00e9ticos em poli\u00e9ster reciclado 600D com interior forrado. Bolso frontal com z\u00edper e pega lateral em webbing. 220 x 120 x 110 mm<\/p>\n","protected":false},"excerpt":{"rendered":"<p>Bolsa de cosm\u00e9ticos em poli\u00e9ster reciclado 600D com interior forrado. Bolso frontal com z\u00edper e pega lateral em webbing. 220 [&hellip;]<\/p>\n","protected":false},"featured_media":211696,"comment_status":"open","ping_status":"closed","template":"","meta":[],"product_brand":[2684],"product_cat":[1001,1534,1588,1593],"product_tag":[1194,1195,939,1228,940,1533,1018,1535,1019,1536,1157,1537,1158,1159,1193],"class_list":{"0":"post-232051","1":"product","2":"type-product","3":"status-publish","4":"has-post-thumbnail","6":"product_brand-spot-gifts","7":"product_cat-1001","8":"product_cat-bolsas-de-cosmeticos","9":"product_cat-bolsas-de-cosmeticos-mochilas-malas-pastas","10":"product_cat-1593","11":"product_tag-sustentavel","12":"product_tag-sustentaveis","13":"product_tag-bolsa","14":"product_tag-ecologic","15":"product_tag-bolsas","16":"product_tag-necessaire","17":"product_tag-lancheira","18":"product_tag-necessaires","19":"product_tag-lancheiras","20":"product_tag-cosmetico","21":"product_tag-eco","22":"product_tag-cosmeticos","23":"product_tag-ecologico","24":"product_tag-ecologicos","25":"product_tag-produtos-eco","27":"first","28":"instock","29":"shipping-taxable","30":"purchasable","31":"product-type-variable","32":"has-default-attributes"},"_links":{"self":[{"href":"https:\/\/ninja.encktemp.com.br\/speedbrindes\/wp-json\/wp\/v2\/product\/232051","targetHints":{"allow":["GET"]}}],"collection":[{"href":"https:\/\/ninja.encktemp.com.br\/speedbrindes\/wp-json\/wp\/v2\/product"}],"about":[{"href":"https:\/\/ninja.encktemp.com.br\/speedbrindes\/wp-json\/wp\/v2\/types\/product"}],"replies":[{"embeddable":true,"href":"https:\/\/ninja.encktemp.com.br\/speedbrindes\/wp-json\/wp\/v2\/comments?post=232051"}],"wp:featuredmedia":[{"embeddable":true,"href":"https:\/\/ninja.encktemp.com.br\/speedbrindes\/wp-json\/wp\/v2\/media\/211696"}],"wp:attachment":[{"href":"https:\/\/ninja.encktemp.com.br\/speedbrindes\/wp-json\/wp\/v2\/media?parent=232051"}],"wp:term":[{"taxonomy":"product_brand","embeddable":true,"href":"https:\/\/ninja.encktemp.com.br\/speedbrindes\/wp-json\/wp\/v2\/product_brand?post=232051"},{"taxonomy":"product_cat","embeddable":true,"href":"https:\/\/ninja.encktemp.com.br\/speedbrindes\/wp-json\/wp\/v2\/product_cat?post=232051"},{"taxonomy":"product_tag","embeddable":true,"href":"https:\/\/ninja.encktemp.com.br\/speedbrindes\/wp-json\/wp\/v2\/product_tag?post=232051"}],"curies":[{"name":"wp","href":"https:\/\/api.w.org\/{rel}","templated":true}]}}