{"id":231706,"date":"2025-12-05T19:00:49","date_gmt":"2025-12-05T22:00:49","guid":{"rendered":"https:\/\/ninja.encktemp.com.br\/speedbrindes\/product\/produto-118\/"},"modified":"2026-01-18T03:46:15","modified_gmt":"2026-01-18T06:46:15","slug":"produto-118","status":"publish","type":"product","link":"https:\/\/ninja.encktemp.com.br\/speedbrindes\/product\/produto-118\/","title":{"rendered":"JACKY. Esferogr\u00e1fica"},"content":{"rendered":"<p>Esferogr\u00e1fica em PP com acabamento brilhante. At\u00e9 1.5 km de escrita. Produto certificado de acordo com a portaria Inmetro n\u00ba423 de 8\/out\/2021. \u00f88 x 151 mm<\/p>\n","protected":false},"excerpt":{"rendered":"<p>Esferogr\u00e1fica em PP com acabamento brilhante. At\u00e9 1.5 km de escrita. Produto certificado de acordo com a portaria Inmetro n\u00ba423 [&hellip;]<\/p>\n","protected":false},"featured_media":202929,"comment_status":"open","ping_status":"closed","template":"","meta":[],"product_brand":[2684],"product_cat":[395,914,1457],"product_tag":[930,931,932],"class_list":{"0":"post-231706","1":"product","2":"type-product","3":"status-publish","4":"has-post-thumbnail","6":"product_brand-spot-gifts","7":"product_cat-canetas","8":"product_cat-914","9":"product_cat-1457","10":"product_tag-caneta","11":"product_tag-canetas","12":"product_tag-esferograficas","14":"first","15":"instock","16":"shipping-taxable","17":"purchasable","18":"product-type-variable","19":"has-default-attributes"},"_links":{"self":[{"href":"https:\/\/ninja.encktemp.com.br\/speedbrindes\/wp-json\/wp\/v2\/product\/231706","targetHints":{"allow":["GET"]}}],"collection":[{"href":"https:\/\/ninja.encktemp.com.br\/speedbrindes\/wp-json\/wp\/v2\/product"}],"about":[{"href":"https:\/\/ninja.encktemp.com.br\/speedbrindes\/wp-json\/wp\/v2\/types\/product"}],"replies":[{"embeddable":true,"href":"https:\/\/ninja.encktemp.com.br\/speedbrindes\/wp-json\/wp\/v2\/comments?post=231706"}],"wp:featuredmedia":[{"embeddable":true,"href":"https:\/\/ninja.encktemp.com.br\/speedbrindes\/wp-json\/wp\/v2\/media\/202929"}],"wp:attachment":[{"href":"https:\/\/ninja.encktemp.com.br\/speedbrindes\/wp-json\/wp\/v2\/media?parent=231706"}],"wp:term":[{"taxonomy":"product_brand","embeddable":true,"href":"https:\/\/ninja.encktemp.com.br\/speedbrindes\/wp-json\/wp\/v2\/product_brand?post=231706"},{"taxonomy":"product_cat","embeddable":true,"href":"https:\/\/ninja.encktemp.com.br\/speedbrindes\/wp-json\/wp\/v2\/product_cat?post=231706"},{"taxonomy":"product_tag","embeddable":true,"href":"https:\/\/ninja.encktemp.com.br\/speedbrindes\/wp-json\/wp\/v2\/product_tag?post=231706"}],"curies":[{"name":"wp","href":"https:\/\/api.w.org\/{rel}","templated":true}]}}