{"id":168686,"date":"2025-10-14T23:54:48","date_gmt":"2025-10-15T02:54:48","guid":{"rendered":"https:\/\/ninja.encktemp.com.br\/speedbrindes\/product\/caneca-plastica-2\/"},"modified":"2025-12-12T11:40:39","modified_gmt":"2025-12-12T14:40:39","slug":"caneca-plastica-2","status":"publish","type":"product","link":"https:\/\/ninja.encktemp.com.br\/speedbrindes\/product\/caneca-plastica-2\/","title":{"rendered":"Caneca Pl\u00e1stica PP"},"content":{"rendered":"<p>Caneca pl\u00e1stica com \u00e1rea interna em inox,com capacidade de 400ml. A caneca possui tampa de fechamento atrav\u00e9s de um encaixe feito por um anel de silicone. Pl\u00e1stico utilizado PP (Polipropileno).<\/p>\n","protected":false},"excerpt":{"rendered":"<p>Caneca pl\u00e1stica com \u00e1rea interna em inox,com capacidade de 400ml. A caneca possui tampa de fechamento atrav\u00e9s de um encaixe [&hellip;]<\/p>\n","protected":false},"featured_media":0,"comment_status":"open","ping_status":"closed","template":"","meta":[],"product_brand":[2877],"product_cat":[1913,2751],"product_tag":[2753],"class_list":{"0":"post-168686","1":"product","2":"type-product","3":"status-publish","5":"product_brand-asia-imports","6":"product_cat-canecas","7":"product_cat-canecas-garrafas","8":"product_tag-base-emborrachada","10":"first","11":"instock","12":"shipping-taxable","13":"purchasable","14":"product-type-simple"},"_links":{"self":[{"href":"https:\/\/ninja.encktemp.com.br\/speedbrindes\/wp-json\/wp\/v2\/product\/168686","targetHints":{"allow":["GET"]}}],"collection":[{"href":"https:\/\/ninja.encktemp.com.br\/speedbrindes\/wp-json\/wp\/v2\/product"}],"about":[{"href":"https:\/\/ninja.encktemp.com.br\/speedbrindes\/wp-json\/wp\/v2\/types\/product"}],"replies":[{"embeddable":true,"href":"https:\/\/ninja.encktemp.com.br\/speedbrindes\/wp-json\/wp\/v2\/comments?post=168686"}],"wp:attachment":[{"href":"https:\/\/ninja.encktemp.com.br\/speedbrindes\/wp-json\/wp\/v2\/media?parent=168686"}],"wp:term":[{"taxonomy":"product_brand","embeddable":true,"href":"https:\/\/ninja.encktemp.com.br\/speedbrindes\/wp-json\/wp\/v2\/product_brand?post=168686"},{"taxonomy":"product_cat","embeddable":true,"href":"https:\/\/ninja.encktemp.com.br\/speedbrindes\/wp-json\/wp\/v2\/product_cat?post=168686"},{"taxonomy":"product_tag","embeddable":true,"href":"https:\/\/ninja.encktemp.com.br\/speedbrindes\/wp-json\/wp\/v2\/product_tag?post=168686"}],"curies":[{"name":"wp","href":"https:\/\/api.w.org\/{rel}","templated":true}]}}