{"id":152920,"date":"2025-09-06T23:00:39","date_gmt":"2025-09-07T02:00:39","guid":{"rendered":"https:\/\/ninja.encktemp.com.br\/speedbrindes\/product\/kit-churrasco-cerveja-whisky-5-pcs\/"},"modified":"2026-04-03T21:12:05","modified_gmt":"2026-04-04T00:12:05","slug":"kit-churrasco-cerveja-whisky-5-pcs","status":"publish","type":"product","link":"https:\/\/ninja.encktemp.com.br\/speedbrindes\/product\/kit-churrasco-cerveja-whisky-5-pcs\/","title":{"rendered":"KIT CHURRASCO \/ CERVEJA \/ WHISKY &#8211; 5 P\u00c7S"},"content":{"rendered":"<p>Kit para Churrasco\/Cerveja\/Whisky. Composto por t\u00e1bua para Churrasco em Bambu; faca 7&#8243; em Bambu\/Inox; garfo trinchante em Madeira\/Inox; ta\u00e7a para Cerveja e copo para Whisky em vidro.<br \/>\nEst\u00e3o perfeitamente acomodados em uma caixa para presentear.<\/p>\n<p><strong>Grava\u00e7\u00e3o:<\/strong> Uma grava\u00e7\u00e3o a Laser na t\u00e1bua, ta\u00e7a e copo; uma grava\u00e7\u00e3o em Silk\/Digital na tampa da caixa.<\/p>\n<p><strong>Dimens\u00f5es:<\/strong> T\u00e1bua: 37&#215;22,5&#215;1,5cm<\/p>\n<p><strong>Embalagem:<\/strong> Caixa Preta<\/p>\n<p><strong>Dimens\u00f5es da Embalagem:<\/strong> 461x407x120 mm (AxLxP)<\/p>\n<p><strong>Peso da Embalagem:<\/strong> 1.550 g<\/p>\n<p><strong>Garantia:<\/strong> Contra defeitos de fabrica\u00e7\u00e3o<\/p>\n<p><strong>NCM:<\/strong> 44191900<\/p>\n<p><em>Atualizado em: 2026-04-03 11:50:58<\/em><\/p>\n","protected":false},"excerpt":{"rendered":"<p>Kit para Churrasco\/Cerveja\/Whisky. Composto por t\u00e1bua para Churrasco em Bambu; faca 7&#8243; em Bambu\/Inox; garfo trinchante em Madeira\/Inox; ta\u00e7a para [&hellip;]<\/p>\n","protected":false},"featured_media":363956,"comment_status":"open","ping_status":"closed","template":"","meta":[],"product_brand":[2683],"product_cat":[3071,521,548,549,550,601,602,2764,3000],"product_tag":[],"class_list":{"0":"post-152920","1":"product","2":"type-product","3":"status-publish","4":"has-post-thumbnail","6":"product_brand-so-marcas","7":"product_cat-kits-especiais-speed","8":"product_cat-bar-petisco-e-pizza","9":"product_cat-churrasco-bar-petisco-e-pizza","10":"product_cat-kits-especiais-churrasco-bar-petisco-e-pizza","11":"product_cat-churrasco-kits-especiais-churrasco-bar-petisco-e-pizza","12":"product_cat-welf-churrasco-kits-especiais-churrasco-bar-petisco-e-pizza","13":"product_cat-kit-churrasco-personalizado-welf-churrasco-kits-especiais-churrasco-bar-petisco-e-pizza","14":"product_cat-copos","15":"product_cat-kits-churrasco","17":"first","18":"instock","19":"shipping-taxable","20":"purchasable","21":"product-type-simple"},"_links":{"self":[{"href":"https:\/\/ninja.encktemp.com.br\/speedbrindes\/wp-json\/wp\/v2\/product\/152920","targetHints":{"allow":["GET"]}}],"collection":[{"href":"https:\/\/ninja.encktemp.com.br\/speedbrindes\/wp-json\/wp\/v2\/product"}],"about":[{"href":"https:\/\/ninja.encktemp.com.br\/speedbrindes\/wp-json\/wp\/v2\/types\/product"}],"replies":[{"embeddable":true,"href":"https:\/\/ninja.encktemp.com.br\/speedbrindes\/wp-json\/wp\/v2\/comments?post=152920"}],"wp:featuredmedia":[{"embeddable":true,"href":"https:\/\/ninja.encktemp.com.br\/speedbrindes\/wp-json\/wp\/v2\/media\/363956"}],"wp:attachment":[{"href":"https:\/\/ninja.encktemp.com.br\/speedbrindes\/wp-json\/wp\/v2\/media?parent=152920"}],"wp:term":[{"taxonomy":"product_brand","embeddable":true,"href":"https:\/\/ninja.encktemp.com.br\/speedbrindes\/wp-json\/wp\/v2\/product_brand?post=152920"},{"taxonomy":"product_cat","embeddable":true,"href":"https:\/\/ninja.encktemp.com.br\/speedbrindes\/wp-json\/wp\/v2\/product_cat?post=152920"},{"taxonomy":"product_tag","embeddable":true,"href":"https:\/\/ninja.encktemp.com.br\/speedbrindes\/wp-json\/wp\/v2\/product_tag?post=152920"}],"curies":[{"name":"wp","href":"https:\/\/api.w.org\/{rel}","templated":true}]}}