{"id":152566,"date":"2025-09-06T22:54:43","date_gmt":"2025-09-07T01:54:43","guid":{"rendered":"https:\/\/ninja.encktemp.com.br\/speedbrindes\/product\/kit-para-bar-em-bambu-madeira-monaco-6-pcs\/"},"modified":"2026-04-04T21:11:45","modified_gmt":"2026-04-05T00:11:45","slug":"kit-para-bar-em-bambu-madeira-monaco-6-pcs","status":"publish","type":"product","link":"https:\/\/ninja.encktemp.com.br\/speedbrindes\/product\/kit-para-bar-em-bambu-madeira-monaco-6-pcs\/","title":{"rendered":"KIT PARA BAR EM BAMBU \/ MADEIRA M\u00d4NACO &#8211; 6 P\u00c7S"},"content":{"rendered":"<p>Composto por seis acess\u00f3rios em Bambu para bar, sendo uma colher de 18cm, pegador de 22cm, socador\/pil\u00e3o e uma t\u00e1bua retangular em<br \/>\ntripla camada invertida de Bambu com um furo; faca 7\u201d em Bambu\/Inox e faca 4&#8243; em Madeira\/Inox.<br \/>\nEst\u00e3o acomodados em uma caixa kraft com tampa pronta para presentear.<\/p>\n<p><strong>Grava\u00e7\u00e3o:<\/strong> Uma grava\u00e7\u00e3o a Laser na t\u00e1bua de Bambu e na l\u00e2mina da faca.<\/p>\n<p><strong>Dimens\u00f5es:<\/strong> T\u00e1bua: 31x17x1,2cm<\/p>\n<p><strong>Embalagem:<\/strong> Caixa Kraft<\/p>\n<p><strong>Dimens\u00f5es da Embalagem:<\/strong> 380x380x50 mm (AxLxP)<\/p>\n<p><strong>Peso da Embalagem:<\/strong> 960 g<\/p>\n<p><strong>Garantia:<\/strong> Contra defeitos de fabrica\u00e7\u00e3o<\/p>\n<p><strong>NCM:<\/strong> 44191900<\/p>\n<p><em>Atualizado em: 2026-04-04 11:51:39<\/em><\/p>\n","protected":false},"excerpt":{"rendered":"<p>Composto por seis acess\u00f3rios em Bambu para bar, sendo uma colher de 18cm, pegador de 22cm, socador\/pil\u00e3o e uma t\u00e1bua [&hellip;]<\/p>\n","protected":false},"featured_media":363856,"comment_status":"open","ping_status":"closed","template":"","meta":[],"product_brand":[2683],"product_cat":[521,525,526,2998],"product_tag":[],"class_list":{"0":"post-152566","1":"product","2":"type-product","3":"status-publish","4":"has-post-thumbnail","6":"product_brand-so-marcas","7":"product_cat-bar-petisco-e-pizza","8":"product_cat-promocoes-bar-petisco-e-pizza","9":"product_cat-welf-promocoes-bar-petisco-e-pizza","10":"product_cat-bar-e-cozinha","12":"first","13":"instock","14":"shipping-taxable","15":"purchasable","16":"product-type-simple"},"_links":{"self":[{"href":"https:\/\/ninja.encktemp.com.br\/speedbrindes\/wp-json\/wp\/v2\/product\/152566","targetHints":{"allow":["GET"]}}],"collection":[{"href":"https:\/\/ninja.encktemp.com.br\/speedbrindes\/wp-json\/wp\/v2\/product"}],"about":[{"href":"https:\/\/ninja.encktemp.com.br\/speedbrindes\/wp-json\/wp\/v2\/types\/product"}],"replies":[{"embeddable":true,"href":"https:\/\/ninja.encktemp.com.br\/speedbrindes\/wp-json\/wp\/v2\/comments?post=152566"}],"wp:featuredmedia":[{"embeddable":true,"href":"https:\/\/ninja.encktemp.com.br\/speedbrindes\/wp-json\/wp\/v2\/media\/363856"}],"wp:attachment":[{"href":"https:\/\/ninja.encktemp.com.br\/speedbrindes\/wp-json\/wp\/v2\/media?parent=152566"}],"wp:term":[{"taxonomy":"product_brand","embeddable":true,"href":"https:\/\/ninja.encktemp.com.br\/speedbrindes\/wp-json\/wp\/v2\/product_brand?post=152566"},{"taxonomy":"product_cat","embeddable":true,"href":"https:\/\/ninja.encktemp.com.br\/speedbrindes\/wp-json\/wp\/v2\/product_cat?post=152566"},{"taxonomy":"product_tag","embeddable":true,"href":"https:\/\/ninja.encktemp.com.br\/speedbrindes\/wp-json\/wp\/v2\/product_tag?post=152566"}],"curies":[{"name":"wp","href":"https:\/\/api.w.org\/{rel}","templated":true}]}}