{"id":146404,"date":"2025-09-03T19:10:30","date_gmt":"2025-09-03T22:10:30","guid":{"rendered":"https:\/\/ninja.encktemp.com.br\/speedbrindes\/product\/caneta-e-chaveiro-em-metal\/"},"modified":"2026-04-05T21:21:03","modified_gmt":"2026-04-06T00:21:03","slug":"caneta-e-chaveiro-em-metal","status":"publish","type":"product","link":"https:\/\/ninja.encktemp.com.br\/speedbrindes\/product\/caneta-e-chaveiro-em-metal\/","title":{"rendered":"CANETA E CHAVEIRO EM METAL"},"content":{"rendered":"<p>Caneta e chaveiro em metal. Composto por caneta esferogr\u00e1fica em alum\u00ednio preto e chaveiro em metal e material sint\u00e9tico preto.<\/p>\n<p><strong>Grava\u00e7\u00e3o:<\/strong> Uma grava\u00e7\u00e3o a Laser na caneta e uma na parte met\u00e1lica do chaveiro.<\/p>\n<p><strong>Dimens\u00f5es:<\/strong> Caneta: 14,2&#215;0,8cm\/Chaveiro: 9,7x3x1cm<\/p>\n<p><strong>Embalagem:<\/strong> Caixa preta<\/p>\n<p><strong>Dimens\u00f5es da Embalagem:<\/strong> 157x79x25 mm (AxLxP)<\/p>\n<p><strong>Peso da Embalagem:<\/strong> 65 g<\/p>\n<p><strong>Garantia:<\/strong> Contra defeitos de fabrica\u00e7\u00e3o<\/p>\n<p><strong>NCM:<\/strong> 96081000<\/p>\n<p><em>Atualizado em: 2026-04-05 11:51:31<\/em><\/p>\n","protected":false},"excerpt":{"rendered":"<p>Caneta e chaveiro em metal. Composto por caneta esferogr\u00e1fica em alum\u00ednio preto e chaveiro em metal e material sint\u00e9tico preto. [&hellip;]<\/p>\n","protected":false},"featured_media":363653,"comment_status":"open","ping_status":"closed","template":"","meta":[],"product_brand":[2683],"product_cat":[447,469,2719,2938,2968],"product_tag":[],"class_list":{"0":"post-146404","1":"product","2":"type-product","3":"status-publish","4":"has-post-thumbnail","6":"product_brand-so-marcas","7":"product_cat-escritorio","8":"product_cat-pessoal-escritorio","9":"product_cat-caneta-e-chaveiro-personalizado","10":"product_cat-novos-negocios","11":"product_cat-chaveiros-metal","13":"first","14":"instock","15":"shipping-taxable","16":"purchasable","17":"product-type-simple"},"_links":{"self":[{"href":"https:\/\/ninja.encktemp.com.br\/speedbrindes\/wp-json\/wp\/v2\/product\/146404","targetHints":{"allow":["GET"]}}],"collection":[{"href":"https:\/\/ninja.encktemp.com.br\/speedbrindes\/wp-json\/wp\/v2\/product"}],"about":[{"href":"https:\/\/ninja.encktemp.com.br\/speedbrindes\/wp-json\/wp\/v2\/types\/product"}],"replies":[{"embeddable":true,"href":"https:\/\/ninja.encktemp.com.br\/speedbrindes\/wp-json\/wp\/v2\/comments?post=146404"}],"wp:featuredmedia":[{"embeddable":true,"href":"https:\/\/ninja.encktemp.com.br\/speedbrindes\/wp-json\/wp\/v2\/media\/363653"}],"wp:attachment":[{"href":"https:\/\/ninja.encktemp.com.br\/speedbrindes\/wp-json\/wp\/v2\/media?parent=146404"}],"wp:term":[{"taxonomy":"product_brand","embeddable":true,"href":"https:\/\/ninja.encktemp.com.br\/speedbrindes\/wp-json\/wp\/v2\/product_brand?post=146404"},{"taxonomy":"product_cat","embeddable":true,"href":"https:\/\/ninja.encktemp.com.br\/speedbrindes\/wp-json\/wp\/v2\/product_cat?post=146404"},{"taxonomy":"product_tag","embeddable":true,"href":"https:\/\/ninja.encktemp.com.br\/speedbrindes\/wp-json\/wp\/v2\/product_tag?post=146404"}],"curies":[{"name":"wp","href":"https:\/\/api.w.org\/{rel}","templated":true}]}}